inder when 68 is divided by 21.
5
Calculate the remainder when 5638 is divided by 626.
4
What is the remainder when 32 is divided by 9?
5
Calculate the remainder when 137 is divided by 11.
5
What is the remainder when 340 is divided by 126?
88
Calculate the remainder when 1711 is divided by 26.
21
Calculate the remainder when 413 is divided by 104.
101
What is the remainder when 40 is divided by 8?
0
Calculate the remainder when 350 is divided by 10.
0
Calculate the remainder when 6915 is divided by 247.
246
What is the remainder when 2315 is divided by 101?
93
What is the remainder when 45 is divided by 5?
0
What is the remainder when 222 is divided by 116?
106
What is the remainder when 195 is divided by 28?
27
Calculate the remainder when 179 is divided by 63.
53
What is the remainder when 330 is divided by 43?
29
What is the remainder when 1334 is divided by 252?
74
What is the remainder when 270 is divided by 7?
4
Calculate the remainder when 12582 is divided by 26.
24
Calculate the remainder when 326 is divided by 47.
44
What is the remainder when 69 is divided by 28?
13
What is the remainder when 271 is divided by 17?
16
Calculate the remainder when 2476 is divided by 67.
64
Calculate the remainder when 73 is divided by 16.
9
Calculate the remainder when 3973 is divided by 27.
4
Calculate the remainder when 80 is divided by 26.
2
What is the remainder when 16 is divided by 4?
0
Calculate the remainder when 807 is divided by 116.
111
What is the remainder when 241 is divided by 82?
77
What is the remainder when 1623 is divided by 125?
123
What is the remainder when 395 is divided by 32?
11
What is the remainder when 487 is divided by 38?
31
What is the remainder when 620 is divided by 25?
20
Calculate the remainder when 278 is divided by 14.
12
What is the remainder when 1470 is divided by 67?
63
Calculate the remainder when 153 is divided by 77.
76
What is the remainder when 3070 is divided by 16?
14
What is the remainder when 506 is divided by 175?
156
What is the remainder when 109 is divided by 28?
25
What is the remainder when 262 is divided by 131?
0
Calculate the remainder when 1377 is divided by 10.
7
Calculate the remainder when 152 is divided by 5.
2
What is the remainder when 2933 is divided by 6?
5
What is the remainder when 53 is divided by 12?
5
What is the remainder when 895 is divided by 23?
21
Calculate the remainder when 1081 is divided by 107.
11
What is the remainder when 125 is divided by 28?
13
Calculate the remainder when 491 is divided by 41.
40
Calculate the remainder when 331 is divided by 13.
6
What is the remainder when 203 is divided by 13?
8
Calculate the remainder when 1057 is divided by 174.
13
What is the remainder when 1174 is divided by 295?
289
Calculate the remainder when 1194 is divided by 25.
19
What is the remainder when 9071 is divided by 21?
20
What is the remainder when 366 is divided by 55?
36
Calculate the remainder when 108 is divided by 49.
10
Calculate the remainder when 333 is divided by 28.
25
Calculate the remainder when 1300 is divided by 217.
215
Calculate the remainder when 4816 is divided by 66.
64
What is the remainder when 672 is divided by 127?
37
What is the remainder when 1281 is divided by 107?
104
Calculate the remainder when 70 is divided by 12.
10
Calculate the remainder when 6591 is divided by 1.
0
Calculate the remainder when 201 is divided by 71.
59
Calculate the remainder when 568 is divided by 12.
4
What is the remainder when 288 is divided by 212?
76
Calculate the remainder when 1089 is divided by 207.
54
Calculate the remainder when 630 is divided by 32.
22
What is the remainder when 343 is divided by 23?
21
What is the remainder when 190 is divided by 8?
6
What is the remainder when 8168 is divided by 67?
61
Calculate the remainder when 50 is divided by 31.
19
What is the remainder when 87 is divided by 38?
11
What is the remainder when 792 is divided by 5?
2
What is the remainder when 198 is divided by 19?
8
Calculate the remainder when 67 is divided by 34.
33
Calculate the remainder when 721 is divided by 73.
64
What is the remainder when 149 is divided by 18?
5
What is the remainder when 758 is divided by 85?
78
Calculate the remainder when 86 is divided by 20.
6
What is the remainder when 378 is divided by 67?
43
What is the remainder when 47870 is divided by 197?
196
Calculate the remainder when 453 is divided by 116.
105
Calculate the remainder when 178 is divided by 58.
4
Calculate the remainder when 268 is divided by 30.
28
What is the remainder when 194 is divided by 6?
2
Calculate the remainder when 699 is divided by 18.
15
Calculate the remainder when 54 is divided by 52.
2
What is the remainder when 229 is divided by 116?
113
Calculate the remainder when 1169 is divided by 10.
9
What is the remainder when 140 is divided by 78?
62
What is the remainder when 272 is divided by 69?
65
Calculate the remainder when 1501 is divided by 25.
1
Calculate the remainder when 427 is divided by 83.
12
What is the remainder when 141 is divided by 52?
37
What is the remainder when 69 is divided by 66?
3
What is the remainder when 1923 is divided by 77?
75
What is the remainder when 13 is divided by 8?
5
What is the remainder when 170 is divided by 27?
8
What is the remainder when 78 is divided by 14?
8
Calculate the remainder when 211 is divided by 27.
22
What is the remainder when 153 is divided by 66?
21
Calculate the remainder when 538 is divided by 20.
18
What is the remainder when 5850 is divided by 731?
2
Calculate the remainder when 120 is divided by 84.
36
Calculate the remainder when 36 is divided by 10.
6
Calculate the remainder when 16877 is divided by 17.
13
What is the remainder when 9355 is divided by 407?
401
What is the remainder when 5197 is divided by 26?
23
Calculate the remainder when 872 is divided by 28.
4
Calculate the remainder when 241 is divided by 46.
11
What is the remainder when 233 is divided by 78?
77
What is the remainder when 55 is divided by 42?
13
What is the remainder when 220 is divided by 61?
37
Calculate the remainder when 1410 is divided by 363.
321
What is the remainder when 166 is divided by 25?
16
What is the remainder when 74 is divided by 5?
4
Calculate the remainder when 2545 is divided by 53.
1
Calculate the remainder when 14 is divided by 9.
5
What is the remainder when 8763 is divided by 14?
13
What is the remainder when 14873 is divided by 17?
15
Calculate the remainder when 70 is divided by 8.
6
Calculate the remainder when 670 is divided by 40.
30
What is the remainder when 828 is divided by 19?
11
What is the remainder when 295 is divided by 86?
37
Calculate the remainder when 435 is divided by 61.
8
Calculate the remainder when 1060 is divided by 12.
4
Calculate the remainder when 1693 is divided by 246.
217
Calculate the remainder when 2739 is divided by 1361.
17
What is the remainder when 1272 is divided by 183?
174
What is the remainder when 400 is divided by 201?
199
Calculate the remainder when 104 is divided by 24.
8
What is the remainder when 40 is divided by 13?
1
Calculate the remainder when 228 is divided by 40.
28
What is the remainder when 431 is divided by 56?
39
Calculate the remainder when 67 is divided by 30.
7
What is the remainder when 35 is divided by 8?
3
What is the remainder when 179 is divided by 48?
35
Calculate the remainder when 475 is divided by 7.
6
Calculate the remainder when 2754 is divided by 95.
94
What is the remainder when 1978 is divided by 984?
10
Calculate the remainder when 20903 is divided by 402.
401
What is the remainder when 2538 is divided by 93?
27
Calculate the remainder when 1030 is divided by 24.
22
What is the remainder when 25478 is divided by 40?
38
What is the remainder when 4190 is divided by 127?
126
What is the remainder when 44 is divided by 13?
5
What is the remainder when 64 is divided by 18?
10
Calculate the remainder when 1665 is divided by 22.
15
What is the remainder when 1157 is divided by 29?
26
What is the remainder when 14 is divided by 3?
2
What is the remainder when 1634 is divided by 109?
108
Calculate the remainder when 2879 is divided by 40.
39
What is the remainder when 589 is divided by 151?
136
Calculate the remainder when 78 is divided by 3